-7*205/10 - 12/(-8). Let y = 9 - b. What is the units digit of y?
1
Suppose b + 7 = -l + 9, 11 = l - 2*b. Suppose 2*n - 79 = -10*j + l*j, 0 = 4*n - 4*j - 200. What is the units digit of n?
7
Let h(k) = -k**2 - 18*k + 22. Let l be h(-19). Suppose -l*n = 4*n - 2856. What is the hundreds digit of n?
4
Let s(a) = 71*a**2 + 227*a + 25. What is the units digit of s(-17)?
5
Let f be 2050/8 + 9/12. Suppose 0 = -4*z + 1407 + f. Let o = z - 158. What is the hundreds digit of o?
2
Suppose -68*n - 67628 = -76820 - 434440. What is the units digit of n?
4
Suppose 2*m + y + 106 - 114 = 0, 4*m = -y + 14. Let c = -126 + 291. Suppose 3*n + c = 3*l, -m*l + 2*l + 47 = -3*n. What is the units digit of l?
9
Let o(d) = 4*d**2 + 91*d - 812. What is the ten thousands digit of o(-111)?
3
Let u be 3/6 + (-803)/(-2). Suppose 3*l + 3*a - 241 = 365, a = -2*l + u. What is the tens digit of l?
0
Let h(r) = 672 - 78*r + 82*r - 63*r**2 + 57*r**2. What is the units digit of h(0)?
2
Suppose 0 = 4*i + 4*b - 75592, -142*i = -143*i - 4*b + 18907. What is the hundreds digit of i?
8
Suppose -54*h - 23571 = 12*h - 132933. What is the tens digit of h?
5
Let o(b) = 16*b**2 + 6*b + 162. Let m(g) = 7*g**2 + 3*g + 82. Let a(l) = -9*m(l) + 4*o(l). What is the tens digit of a(-12)?
9
Let r be 15587/7 + 11/((-385)/(-10)). Suppose -7*k + r + 3933 = 0. Suppose 0*a = 5*a - k. What is the hundreds digit of a?
1
Suppose 0 = -4*s - 567 - 1193. Let a = 251 + s. Let i = a + 336. What is the tens digit of i?
4
Let l(f) = -f**3 - 7*f**2 + 8*f + 6. Let o(c) = 3*c - 7. Let w be o(3). Suppose -20 + 4 = w*z. What is the units digit of l(z)?
6
Let q = -41 - -31. Let i be (q + 11)/(1/25). What is the tens digit of (0 + 1)*(15 + i/5)?
2
Suppose 5*c - 101 - 53 = -u, -4*u - 4*c = -536. Suppose 15 = -3*m, -4*x + u = 3*m - 0*m. What is the tens digit of x?
3
Let s(d) = -9*d**3 + 4*d**2 - d - 7. Let p be s(-2). Let k = 104 + p. What is the tens digit of k?
8
Suppose 23*v - 80175 - 59853 = 281861. What is the units digit of v?
3
Let d(k) = -k - 2. Let a be 2/(-1 - -3)*-5. Let i be d(a). Suppose -5*t - i*n = -77, -3*t + 4*n = -4*t + 29. What is the units digit of t?
3
Suppose -31*n = -9*n - 2332. Suppose p + l = 397, 0 = -p + 4*l + n + 276. What is the units digit of p?
4
Let t(u) be the second derivative of 27*u**3 - 9*u**2/2 - 19*u. Let l(q) = -q**3 - 4*q**2 + 6*q + 6. Let d be l(-5). What is the units digit of t(d)?
3
Let a be 3 - (-3)/(-6 + 3). Let u = 2459 + -2456. Suppose -u*o - 5*t + 346 = -100, 0 = a*o - 5*t - 264. What is the hundreds digit of o?
1
Let j(q) = 8*q + 66. Let i be j(-14). Let b be (88/(-10))/(36/(-20) - -2). Let t = b - i. What is the units digit of t?
2
Suppose -15 + 15 = -13*c. Suppose -150 = -p + 2*w + 504, -w + 2 = c. What is the hundreds digit of p?
6
Suppose -20*l + 17*l - 12 = -3*q, -10 = 5*q. What is the hundreds digit of 195790/133 - (36/(-57))/l?
4
What is the hundreds digit of -11 + (7101 - -5 - 6)?
0
What is the units digit of ((-78421)/(-49) + -3)*(-42)/(-4)?
3
Suppose 0 = 127*g - 136*g + 183591. What is the tens digit of g?
9
Let d be 7 - 27/3*1/3. Suppose 0 = 24*i - d*i - 1600. What is the units digit of i?
0
Let h(z) = 13*z**2 + 2*z - 4. Let s be h(-5). Let k = s - 104. What is the tens digit of k?
0
Let a(x) = -3*x**2 - 6*x + 2. Let q be a(-2). Suppose 372 = 3*v + 5*i, 0 = 4*v + q*i - 3*i - 519. What is the units digit of v?
9
Suppose -s - 4*b = -43675, 26*b - 25*b - 218413 = -5*s. What is the tens digit of s?
8
Suppose 0 = -4*u + 23*b - 22*b + 6053, 0 = -5*u - 2*b + 7576. Let j = u - 761. What is the units digit of j?
3
Let l(x) = 848*x - 217. What is the tens digit of l(3)?
2
Suppose -18 = -4*y - u, -4*y + 2*u + 9 + 15 = 0. Suppose -28 = y*g - 48. Suppose 5*z = -g*s - 74 + 652, s + 5*z = 137. What is the hundreds digit of s?
1
Let m = 62985 + -41561. What is the tens digit of m?
2
Suppose -9*z = -2*z - 6279. Suppose 15*p - 7587 + z = 0. What is the tens digit of p?
4
Let x(m) = 2*m - 14. Let b be x(10). Suppose -976 = -b*w - 2*w. Let s = w - 33. What is the tens digit of s?
8
Suppose 0 = 300*s - 307*s + 28. What is the units digit of (4190/4)/(s*(-1)/(-8))?
5
Suppose 0 = -4*r - 8 - 8. Suppose -l + 56 = 13*l. What is the tens digit of ((-22)/l)/(2/r)?
1
Let q = 3342 - 1500. Suppose -5*w = -538 - q. What is the hundreds digit of w?
4
Suppose w + 2*j - 8988 = 0, -17*w + 4*j = -15*w - 17984. What is the units digit of w?
0
Let n(y) = 151*y**2 + 72*y - 859. What is the thousands digit of n(11)?
8
Suppose 0 = u - 0*u + 5*h - 4, -4*h - 16 = -4*u. Suppose -u*p + 11 = -1. Let f(l) = 21*l**2 + 3. What is the units digit of f(p)?
2
Let f(s) = 5*s + 53. Suppose 0 = 3*r + 8*r - 242. What is the hundreds digit of f(r)?
1
Suppose -5618 - 6077 - 2597 = -4*c. What is the hundreds digit of c?
5
Let a(c) = -124*c - 38. Let i(t) = -1. Let p(r) = a(r) + 4*i(r). What is the tens digit of p(-5)?
7
What is the thousands digit of 147202/18 + 140/126?
8
Let k(b) = 234*b**2 + 106*b - 967. What is the thousands digit of k(9)?
8
What is the tens digit of 510/(-204)*(-1)/5*66554?
7
Suppose 0 = -n - 3742 + 11551. What is the thousands digit of n?
7
What is the tens digit of ((-207)/12)/(43/(-11868))?
6
Suppose 0 = i + 353 - 353. Suppose i = -8*m - 2*m + 9790. What is the hundreds digit of m?
9
Let z be (-123)/(-27) - (-28)/63. Let b = -1 - -1. What is the tens digit of (b + -65)*(z - 6)?
6
Suppose -2*r - 9 + 13 = 0. Suppose -4*o = 4, -r*f + 2*o + 80 = f. What is the tens digit of f?
2
Suppose 0 = 32*l + 498 - 2322. Suppose -6528 = -l*a + 53*a. What is the hundreds digit of a?
6
Suppose 0 = 2*w + 563*a - 564*a - 25053, 0 = -4*a + 20. What is the units digit of w?
9
Suppose -p + 8*s - 13*s + 23013 = 0, 5*p = -5*s + 114885. What is the tens digit of p?
6
Let r = -2 + 7. Suppose 67 = -31*w + 160. Suppose -3*f + 309 = -r*v, -306 = -5*f + w*v + 193. What is the tens digit of f?
9
Suppose -1292 = -4*p + k, 5*p + 4*k - 68 = 1568. Suppose -n - u - p = n, u = 3*n + 486. Let o = n - -275. What is the tens digit of o?
1
Let y be 4/(-6)*((-110)/(-10) + -17). Suppose y*c = 3*r + 2473, -4*r = -5*c + 333 + 2757. What is the units digit of c?
2
Let h = -108 - -116. Suppose -h*s + 7 = -s. Suppose 73 = 2*j - s. What is the units digit of j?
7
Let b = 1159 - 61. Let i = b - 691. What is the hundreds digit of i?
4
Suppose 3*k = 14*k - 22. Suppose -b = 2*j - 6, 5*j - 16 = -4*b + k*b. Suppose -j*f + 370 = 4*v + 70, -217 = -3*f - v. What is the units digit of f?
1
Suppose -3*h + 4*t = -18, 2*t - 7*t = 0. Let u(g) = 70*g - 62. What is the units digit of u(h)?
8
Let h(n) = 11*n**2 + 2. Suppose -2*f = -5*x - 9 - 3, -4*f - x = -24. Let s be ((-1)/(f/(-9)))/((-15)/(-40)). What is the hundreds digit of h(s)?
1
Let a = -45536 - -68945. What is the ten thousands digit of a?
2
Suppose u + 1757 - 13908 = -2*m, -3*u + 12153 = 2*m. What is the hundreds digit of m?
0
Let r = -194 + 332. Suppose -26 + r = n. Let g = -37 + n. What is the tens digit of g?
7
Let p be 2/11 + (-6)/33. Suppose 5*f = z + 177, 2*z - 2*f - f + 319 = p. Let d = z - -240. What is the units digit of d?
8
What is the hundreds digit of -12 + (-4)/(((-132)/18)/11) - -43339?
3
Let g = -3 - -5. Let v(r) = 19*r + 135. Let j be v(-3). Let k = g + j. What is the units digit of k?
0
Let i = 44 - -85. What is the tens digit of 2*(-9)/(-2)*(-14 + i)?
3
Let f(j) = -104*j**3 - 4*j**2 + 4*j - 2. Let v be f(2). Let p = v - -1204. What is the units digit of p?
2
Let j = 341 + -166. What is the thousands digit of ((-1208)/(-40))/(5/j)?
1
Suppose 124*a = 232597 + 1004427. What is the units digit of a?
6
Let m be -538*1/(1 + -1 - 2). Suppose -5*b = -3*j - 28 - 6, 5*b + 2*j - 44 = 0. Suppose -b*y + 323 = -m. What is the units digit of y?
4
Suppose 2*g + 5*y = g - 42, 5*g + 5*y = -250. Let w = -365 - -373. What is the units digit of 84/w*g/(-6)?
1
Let v = -5215 + 7420. Suppose -3*a + 2181 = -8*s + 13*s, -5*s + v = -5*a. What is the units digit of s?
8
Suppose -3*k + 168315 = 4*k + c, 0 = -4*c + c. What is the tens digit of k?
4
Let t be 6/(-9)*(-210)/28. Suppose 3*x - 3*p = 3516, 6*p = t*p. What is the hundreds digit of x?
1
Let k = 46 - 32. Suppose k*d - 16*d - 260 = 0. Let a = -80 - d. What is the tens digit of a?
5
Suppose 0 = 2*y - 1 - 7. Suppose -z + 2*a = -3*a - 11, -11 = -3*z + y